 3834991
List the prime factors of 41007009.
3, 17, 804059
List the prime factors of 194424213.
3, 64808071
List the prime factors of 375421711.
7, 53631673
List the prime factors of 2789235.
3, 5, 71, 97
What are the prime factors of 3451767718?
2, 7, 101, 1163, 2099
List the prime factors of 134982507.
3, 11, 4090379
What are the prime factors of 910134826?
2, 59, 79, 89, 1097
List the prime factors of 30731971.
17, 43, 2473
What are the prime factors of 160455970?
2, 5, 16045597
List the prime factors of 38837499.
3, 53, 244261
List the prime factors of 182715502.
2, 163, 560477
What are the prime factors of 84634299?
3, 9403811
List the prime factors of 1884486436.
2, 7, 1373, 49019
What are the prime factors of 2579095387?
11, 67, 461, 7591
What are the prime factors of 64151808?
2, 3, 7, 11933
What are the prime factors of 294700688?
2, 18418793
What are the prime factors of 97634440?
2, 5, 2440861
List the prime factors of 206469078.
2, 3, 34411513
What are the prime factors of 212098879?
137, 967, 1601
What are the prime factors of 14716442?
2, 13, 113, 5009
What are the prime factors of 2243220601?
17, 53, 137, 1069
What are the prime factors of 405810096?
2, 3, 89, 94993
List the prime factors of 342166025.
5, 13686641
What are the prime factors of 353749219?
353749219
List the prime factors of 59157974.
2, 193, 153259
What are the prime factors of 192382462?
2, 29, 37, 157, 571
What are the prime factors of 118216997?
17, 6953941
What are the prime factors of 2021376623?
7, 997, 289637
List the prime factors of 195151935.
3, 5, 11, 1182739
What are the prime factors of 5167938379?
23, 191, 1176403
List the prime factors of 450997116.
2, 3, 271, 138683
List the prime factors of 59881073.
7, 113, 75703
List the prime factors of 122573048.
2, 13, 43, 27409
What are the prime factors of 3074132?
2, 269, 2857
What are the prime factors of 50779411?
47, 1080413
What are the prime factors of 62993357?
7, 8999051
List the prime factors of 1146461229.
3, 41, 811, 1277
List the prime factors of 4928913681.
3, 1642971227
What are the prime factors of 4762079941?
4762079941
What are the prime factors of 53804917?
5431, 9907
What are the prime factors of 23480507?
317, 74071
What are the prime factors of 88505007?
3, 191, 154459
List the prime factors of 1328341909.
31, 953, 44963
What are the prime factors of 1938663399?
3, 23, 31, 683, 1327
What are the prime factors of 966411402?
2, 3, 11, 19, 770663
List the prime factors of 5792943296.
2, 7, 157, 82361
List the prime factors of 774208440.
2, 3, 5, 47, 45757
List the prime factors of 4992789441.
3, 293, 5680079
What are the prime factors of 24869486?
2, 23, 47, 11503
List the prime factors of 5955542824.
2, 7, 11, 83, 116483
List the prime factors of 360603556.
2, 90150889
What are the prime factors of 80671768?
2, 61, 165311
What are the prime factors of 285664305?
3, 5, 19044287
What are the prime factors of 738587674?
2, 11, 257, 130631
List the prime factors of 290131598.
2, 4259, 34061
What are the prime factors of 303332897?
7, 43333271
What are the prime factors of 312107380?
2, 5, 13, 31, 38723
What are the prime factors of 5169692426?
2, 317, 431, 18919
List the prime factors of 18956315.
5, 7, 113, 4793
List the prime factors of 115218368.
2, 431, 4177
What are the prime factors of 140234720?
2, 5, 29, 30223
What are the prime factors of 74680749?
3, 11, 13, 58027
What are the prime factors of 2532744602?
2, 53, 23893817
What are the prime factors of 701923065?
3, 5, 563, 83117
List the prime factors of 1853158587.
3, 7, 12606521
What are the prime factors of 92983041?
3, 53, 194933
What are the prime factors of 6642950121?
3, 89, 8293321
List the prime factors of 82216974.
2, 3, 7, 1957547
What are the prime factors of 525094238?
2, 262547119
What are the prime factors of 81376653?
3, 37, 733123
List the prime factors of 423810121.
7, 23, 2632361
What are the prime factors of 105079367?
19, 31, 178403
List the prime factors of 476135657.
8221, 57917
What are the prime factors of 141970615?
5, 307, 92489
What are the prime factors of 42940616?
2, 5367577
List the prime factors of 184404842.
2, 19, 977, 4967
What are the prime factors of 128441930?
2, 5, 41, 313273
What are the prime factors of 3396319019?
163, 20836313
List the prime factors of 35160200.
2, 5, 31, 53, 107
List the prime factors of 2361632279.
12329, 191551
What are the prime factors of 41172452?
2, 10293113
List the prime factors of 119208564.
2, 3, 271, 4073
List the prime factors of 113177130.
2, 3, 5, 11, 193, 1777
List the prime factors of 408747002.
2, 73, 2799637
What are the prime factors of 32436161?
37, 876653
List the prime factors of 198221284.
2, 37, 1339333
List the prime factors of 24211495.
5, 7, 11, 5717
List the prime factors of 15396476.
2, 23, 113, 1481
List the prime factors of 99054979.
99054979
What are the prime factors of 736691063?
67, 347, 31687
List the prime factors of 1269990951.
3, 19, 4457, 4999
What are the prime factors of 4018533600?
2, 3, 5, 61, 27449
List the prime factors of 58154407.
58154407
List the prime factors of 610470292.
2, 947, 161159
What are the prime factors of 34732494?
2, 3, 19, 41, 2477
What are the prime factors of 68919452?
2, 7, 2461409
What are the prime factors of 16095020?
2, 5, 804751
List the prime factors of 364644333.
3, 19, 113, 167
What are the prime factors of 199258899?
3, 7, 199, 47681
What are the prime factors of 997633976?
2, 41, 431, 7057
What are the prime factors of 57904856?
2, 17, 19, 22409
List the prime factors of 29397968.
2, 547, 3359
What are the prime factors of 160851076?
2, 17, 2365457
List the prime factors of 46663044.
2, 3, 23, 169069
List the prime factors of 2209212830.
2, 5, 11, 31, 97, 6679
What are the prime factors of 2657129286?
2, 3, 7, 63264983
What are the prime factors of 47570080?
2, 5, 17, 17489
List the prime factors of 2210133607.
11, 18265567
What are the prime factors of 35896244?
2, 19, 472319
List the prime factors of 3929728231.
11, 13, 179, 153523
List the prime factors of 142593927.
3, 7, 6790187
What are the prime factors of 1267668210?
2, 3, 5, 2381, 17747
What are the prime factors of 89659773?
3, 7, 23, 43, 1439
What are the prime factors of 81653257?
7, 1666393
What are the prime factors of 137302317?
3, 31, 41, 4001
List the prime factors of 2564549606.
2, 1282274803
List the prime factors of 537534768.
2, 3, 1627, 6883
What are the prime factors of 5711676?
2, 3, 475973
What are the prime factors of 236828778?
2, 3, 31, 43, 29611
What are the prime factors of 100657692?
2, 3, 79, 35393
What are the prime factors of 5256676615?
5, 1051335323
What are the prime factors of 5348627?
23, 232549
List the prime factors of 32529717.
3, 11, 457, 719
List the prime factors of 5547553684.
2, 257, 5396453
List the prime factors of 1407857.
11, 131, 977
List the prime factors of 396983218.
2, 17, 103, 113359
What are the prime factors of 1306525883?
13, 71, 97, 14593
List the prime factors of 68555092.
2, 17138773
What are the prime factors of 216318420?
2, 3, 5, 19, 3329
What are the prime factors of 2968306012?
2, 7, 17, 347, 17971
What are the prime factors of 5255446?
2, 7, 47, 163
List the prime factors of 75297333.
3, 25099111
List the prime factors of 1120042518.
2, 3, 7, 17, 1568687
List the prime factors of 43105825.
5, 7, 246319
List the prime factors of 36086163.
3, 53, 73, 3109
List the prime factors of 101269889.
7, 2543, 5689
List the prime factors of 809232032.
2, 7, 37, 251, 389
List the prime factors of 430451132.
2, 71, 661, 2293
What are the prime factors of 35452922?
2, 17, 1042733
What are the prime factors of 54115111?
54115111
What are the prime factors of 26549569?
2269, 11701
What are the prime factors of 1767978487?
11, 2791, 57587
What are the prime factors of 14724881?
14724881
List the prime factors of 794660282.
2, 13, 30563857
What are the prime factors of 1555702535?
5, 29, 2467, 4349
What are the prime factors of 79275198?
2, 3, 13212533
List the prime factors of 286518652.
2, 7, 613, 16693
What are the prime factors of 792143913?
3, 11, 24004361
What are the prime factors of 230874113?
230874113
List the prime factors of 349921823.
401, 872623
List the prime factors of 188209